2*m - 9. Suppose -m*h - 36 = -0*h. Let b be (-2)/8 + (-51)/h. What is the greatest common divisor of b and 4?
4
Let s(q) = q**2 - 4*q - 25. Let h be s(-5). Calculate the greatest common divisor of 15 and h.
5
Let t(y) = -7*y**2 + 0 + 31*y - 3 - 23*y + y**3 - 1. Let o = 8 - 2. Let n be t(o). What is the highest common divisor of 32 and n?
8
Suppose 7*v - 3*v - 973 = -c, 0 = -3*v + 3*c + 711. What is the highest common divisor of 22 and v?
22
Let y(w) = w**2 - 9*w - 4. Let f be y(9). Let x = 12 + f. Calculate the greatest common divisor of 20 and x.
4
Suppose 0 = -10*h - 332 + 2022. Calculate the highest common factor of h and 13.
13
Let c(a) = 22*a - 13. Let x be c(4). Suppose 16 + 14 = 2*n. What is the greatest common factor of n and x?
15
Suppose 5*j - 11 = 64. Suppose j = -o + 75. Calculate the greatest common factor of 12 and o.
12
Let c(h) = h - 9. Suppose 0*o = o - 10. Let i be c(o). Calculate the highest common factor of 2 and i.
1
Suppose -6*a + 2 = -5*a. Let t = 4 + a. Calculate the highest common factor of 18 and t.
6
Suppose l + 3*o = -2*l + 681, -4*l = 5*o - 906. Let u = l + -64. Let z(t) = -t**2 + 7*t + 5. Let v be z(5). What is the highest common factor of u and v?
15
Let j = -35 - -51. What is the greatest common factor of 48 and j?
16
Suppose 4*c - 3*y - 5 = 0, 2*c - 4 = -c + 2*y. Suppose 4 = -c*l + 24. What is the highest common factor of l and 10?
10
Let q be (-3 + 2)/(1/11). Let k = q + 18. Suppose 9 = -3*d + 51. Calculate the highest common factor of k and d.
7
Suppose s - 36 = -0*o - 4*o, -4*s + 60 = -5*o. Suppose -y = -2*a + 155, 3*y - 20 = -y. What is the highest common factor of s and a?
20
Let a = -173 + 527. Let z = a + -200. Suppose 0*l + 28 = 2*l. Calculate the highest common factor of z and l.
14
Let a be (6/2)/6*10. Let p = 3 - a. Let v be 10 - (-1 + 0 + p). What is the highest common factor of 39 and v?
13
Let f(o) = 7*o - 8. Let k be f(2). Let g be 4/10 + (-18)/(-5). Calculate the greatest common factor of k and g.
2
Let z(y) = 3*y**2 + 4*y - 6. Let b be z(-6). What is the highest common divisor of b and 39?
39
Let b(c) = -3*c**3 + 4*c**3 + c + 5*c**2 - 3*c - 3*c**2. Let r be b(2). Suppose 4*g - 195 + 3 = 0. What is the highest common divisor of g and r?
12
Let r = 4 - 1. Suppose 3*i + 2*i + 15 = 0. Let c be (-34)/(-6) - 1/i. What is the highest common divisor of c and r?
3
Let a(h) = -4*h**3 - 2*h**2 + h + 1. Let g be a(-2). Calculate the highest common divisor of 23 and g.
23
Suppose 0 = l + 3*l - 64. What is the highest common divisor of 4 and l?
4
Suppose -149 = -5*k - 0*k + 3*d, 5*d + 127 = 4*k. Let x be -14*((-11)/(-2) + 1). Let y = x + 161. Calculate the highest common divisor of y and k.
14
Let q = -1 - -49. Suppose 3*n - n - z - 4 = 0, 16 = 4*z. Suppose -n*y + 3*y + 32 = 0. What is the highest common factor of y and q?
16
Let a = 92 + -88. What is the greatest common factor of a and 52?
4
Let z(j) = -j - 7. Let c be z(-8). Let i be (2 - c)*-4 - -5. What is the highest common divisor of i and 1?
1
Let y(i) = -i**3 + 4*i**2 - 4*i + 3. Let w be y(2). Suppose 2 = w*g - 1. Let q be g - -78 - (1 - 2). Calculate the highest common factor of 10 and q.
10
Let p(i) = i - 2. Let o be p(10). Let s be (0 - -1)/(2/(-16)). Let z(c) = -c**3 - 7*c**2 + c + 8. Let x be z(s). Calculate the highest common factor of x and o.
8
Suppose -3*w + 22 = 1. Let o(s) = -13*s + w - 8 + 2*s. Let v be o(-1). Calculate the highest common factor of 110 and v.
10
Let v(b) = 3*b**2 + 3*b - 1. Let j(p) = 4*p**2 + 2*p - 2. Let w(m) = 2*j(m) - 3*v(m). Let d be w(-2). Calculate the highest common factor of d and 5.
5
Suppose -3*f = -8 + 2. Let q = 18 + -2. Calculate the greatest common factor of f and q.
2
Let d(h) = h**2 - 8*h - 1. Let g be d(9). Let y(c) = -51*c**3 - c. Let i be y(1). Let t = g - i. What is the greatest common divisor of t and 12?
12
Let c(x) = x**3 - 3*x**2 + 7*x + 4. Let n be c(6). Let g = 11 - 6. Let o = 9 + g. What is the greatest common divisor of n and o?
14
Let i(h) = -3*h - 8. Let g be i(-8). Let y = -128 - -168. What is the greatest common factor of g and y?
8
Let h = -15 - -25. Let m = 13 - h. Calculate the greatest common factor of m and 33.
3
Let z = 76 + -60. Calculate the greatest common divisor of z and 80.
16
Let c(i) = i**3 + 12*i**2 + i + 21. Let p be c(-12). Suppose 0 = m - 14 - 4. Calculate the highest common factor of m and p.
9
Let w(j) = 4*j**3 + 2*j**2. Let x be w(2). Let m = 31 - 21. Suppose m = -5*g, 4*g = -o - 0*g + 2. What is the greatest common divisor of x and o?
10
Let o = 64 + -40. Calculate the highest common factor of 60 and o.
12
Let o = -68 - -73. Calculate the highest common divisor of o and 45.
5
Let c(g) = g**2 - 8*g + 6. Let i be c(8). Calculate the highest common factor of 30 and i.
6
Suppose 5*g = -5, 3*r - 5*g - 1 = 25. Let x(v) = 7*v**2 - 2*v + 3. Let w be x(2). Let l = w - -8. What is the highest common factor of l and r?
7
Let o be (52*(-9)/(-6))/(-1 - -2). Calculate the highest common factor of 117 and o.
39
Suppose 2*v - 8 = -0*v + 2*p, 2*v - 5*p - 8 = 0. Calculate the highest common divisor of 32 and v.
4
Suppose 2*z = 3*z - 51. Suppose 3*i - 26 = 31. Suppose 5*t - i = z. What is the highest common divisor of 56 and t?
14
Let s(c) = -13*c. Let z(p) = p + 9. Let l be z(-9). Suppose -f + l*f = 2. Let k be s(f). Calculate the highest common divisor of 65 and k.
13
Suppose -4*g + 45 = g. Suppose -4*w = i - 2*i - 12, w + 2*i = -6. Let x = w + g. Calculate the highest common factor of 44 and x.
11
Let x = 8 + -4. Suppose -5*w - k - 190 = -565, -4*w - x*k = -316. Suppose 4*y = -8, m + 5*y = -3*m + w. What is the highest common factor of m and 7?
7
Let m(s) = -s**2 - 5*s. Let u(c) = c**2 - c - 1. Let k(n) = m(n) + 2*u(n). Let h be k(8). What is the highest common factor of h and 6?
6
Let d = -45 - -66. Calculate the highest common divisor of d and 42.
21
Let k(z) = -8*z**2 - z. Let o be k(-1). Let h(n) = 2*n**2 + 10*n. Let i be h(o). Calculate the greatest common divisor of i and 4.
4
Suppose -4*v + 115 = 7. Suppose 8 = 3*l - l, 3*l = -3*q + v. What is the greatest common divisor of q and 25?
5
Suppose -4*l + 43 = 7. Let b = 40 - 37. What is the greatest common divisor of l and b?
3
Suppose 2*i + 3*f - 13 = 0, 3*f - f = -5*i + 60. Let d = 197 - 141. Calculate the highest common factor of i and d.
14
Let k(c) = 51*c - 1. Let z be k(-1). Let v = -25 - z. Suppose v = 4*o - 9. What is the highest common divisor of o and 45?
9
Let f = 194 + -192. Suppose 42 - 2 = -4*b. Let u be 12/b*(-5)/2. Calculate the highest common factor of f and u.
1
Suppose -3*f - 10 + 22 = 0. Suppose f*a + 26 = -3*p, 0 = -2*p - 3*a - a - 24. Let z be (-4)/p + -4 + 12. Calculate the highest common factor of z and 90.
10
Let f(r) = -2*r - 1 - r + 0*r - 4. Let b be f(-5). What is the greatest common divisor of b and 80?
10
Let l be (1 - -2)*2/(-3). Let r be 5*l*(-1)/5. Calculate the greatest common divisor of r and 14.
2
Let i(y) = y**3 + 5*y**2 - 2*y + 3. Let n be i(-4). Suppose -h = -8*h + 63. Calculate the highest common divisor of h and n.
9
Let p = 118 + 3. Let t be (66/9)/(2/3). What is the greatest common divisor of p and t?
11
Let g(i) = 2*i + 1. Let j be g(5). Suppose 2*s = 3*o + 34 + 70, 5*s = 4*o + 267. Calculate the greatest common divisor of s and j.
11
Suppose -13*c + 216 = -9*c. What is the highest common factor of c and 36?
18
Let x = -39 - -69. Let n = -31 - -55. Suppose 3*b = -b + n. What is the highest common divisor of x and b?
6
Let o(d) = d**2 - 1 - d - d**3 + 5*d**2 + 1 - 2. Let w be o(5). What is the greatest common divisor of w and 9?
9
Suppose 2*l - 160 = -2*l. Calculate the greatest common divisor of l and 8.
8
Let u = 29 - 26. Let w be (18/8)/((-2)/(-8)). What is the highest common factor of u and w?
3
Let a = -176 + 254. What is the greatest common divisor of a and 52?
26
Let p(y) = 90*y. Let j(v) = 9*v. Let u(f) = -21*j(f) + 2*p(f). Let k be u(-1). Calculate the highest common factor of 81 and k.
9
Suppose 0 = -3*d + d + 102. What is the greatest common divisor of 17 and d?
17
Let t = -27 + 143. Let y = t + -80. Let b(c) = -9*c - 3. Let j be b(-3). Calculate the greatest common factor of y and j.
12
Suppose -4*x = -78 + 18. Suppose x = -3*v + 6*v. Calculate the highest common divisor 